**2. Let i(a) = -a**3 + 3*a**2 + 2*a - 6. Let o be i(3). What is y(o)?
-2
Suppose 0 = 11*q - 6*q. Suppose q = -11*v + 6*v. Suppose -4*l + 3*x + 12 = v, 0 = 4*l - 4*x - 0*x - 8. Let f(c) = -2*c + 6. Give f(l).
-6
Let b be ((-528)/198)/(8/(-6)). Let i(m) be the second derivative of 4*m - 1/20*m**5 + 0 - 1/2*m**4 + 5/2*m**b - 1/3*m**3. Calculate i(-5).
-10
Let t(j) be the first derivative of 15*j**4/4 - j**3/3 + 418. What is t(-1)?
-16
Let j(u) be the third derivative of -1/3*u**3 + 5*u**2 + 0*u + 1/24*u**4 + 0. Let o be 5 - 2 - -1*(2 + -5). Determine j(o).
-2
Let g be -5 + 1*(-4 + 1 + 3). Let k(t) = -t**3 - 4*t**2 + 3*t + 1. Determine k(g).
11
Let o(g) = -5*g - 3. Let v(q) = q + 1. Let m be (9/18)/(1/(-2)). Let k(h) = m*o(h) - 4*v(h). Determine k(0).
-1
Let b(o) = o**3 - 6*o**2 - 8*o + 8. Let a = 56 - 34. Suppose -6*x + x - 2*l = -42, 3*x = -2*l + a. Suppose x = 2*g - 4*r, 5 = r + 4. Determine b(g).
1
Let l(j) = -3*j + 0*j**2 - 4*j + 2 + j**2. Suppose -2*w + 4*r - 4 = 0, 13*r - 14*r - 14 = -3*w. Give l(w).
-4
Let a(k) = -2*k**3 + 4*k**2 + 2*k + 4. Let m(r) = 8*r**3 - 17*r**2 - 8*r - 19. Let u(x) = 9*a(x) + 2*m(x). Calculate u(2).
-6
Suppose 1 = -13*o + 14*o. Let r(j) = -21*j - 1. Calculate r(o).
-22
Let n = 4 + -2. Let d(w) = -29*w - 21*w + 0 + 42*w - 1. Calculate d(n).
-17
Let a be -1 - (-2 + -4 + 24). Let w = 27 - 53. Let q = w - a. Let p(s) = -s**2 - 7*s + 2. What is p(q)?
2
Let a(b) = b**2 - b - 3. Let j(l) = -l**2 - 19*l + 124. Let i be j(-24). Calculate a(i).
9
Let f = 735 + -734. Let u(v) = v + 4*v**2 - v**2 - 2*v**2. Determine u(f).
2
Let t(m) = -m**2 + 6*m - 8. Let v = -507 - -511. Determine t(v).
0
Let h(l) = -l**3 - 5*l**2 + 2*l - 4. Let m(o) be the second derivative of o**4/12 + 4*o**3/3 - 25*o**2/2 + 11*o. Let b be m(-10). Determine h(b).
-14
Let b(k) = 2*k**2 - 21*k + 10. Suppose -13*m + 17*m + t - 37 = 0, -2*m + 5*t = 9. Determine b(m).
-30
Let t(f) be the third derivative of -f**5/30 - f**4/12 + f**3/2 - 2*f**2 - 66. Give t(0).
3
Let v(p) = -7*p. Suppose 0 = 32*r + 104 - 8. What is v(r)?
21
Let q(s) = 7*s + 2. Suppose 0*x - 2*x + 13 = p, 3*x = 3*p + 6. Suppose -2*m + 19 = -3*w, -6*m + m + 25 = -p*w. Determine q(m).
16
Let g(q) be the third derivative of -q**4/24 + 7*q**3/6 + 62*q**2 - 1. Calculate g(11).
-4
Let b(n) = n**2 + 13*n. Suppose -130*z - 176 = -114*z. Calculate b(z).
-22
Let g = -10 + 5. Let l(m) = 3*m + 3. Let n(w) = -4*w - 4. Let h(q) = g*n(q) - 7*l(q). Let u(f) = -f**3 + 2*f**2 - 2*f + 3. Let v be u(2). Calculate h(v).
0
Let m(a) = -375 + 1127 - 375 + 3*a**2 - 4*a**3 - 376 + 3*a**3. Suppose 2*u - 14 = -8. What is m(u)?
1
Let o(p) = -p**2 - 8*p + 1. Let k(r) = r - 1. Let g(x) = -6*k(x) - o(x). Suppose 2*l + 10 = -0*l. Give g(l).
20
Let f(o) = -6*o**3 - 7*o**2 - 2. Suppose -9 = -3*p - 0*p. Let j(x) = 2*x + 0*x**3 - x + 2*x**p - x**2 - 3*x**3. Let g(m) = f(m) - 3*j(m). Give g(-2).
12
Let i = -2 + 2. Suppose i = -s - 3, 2*c - 2*s = 14. Let l(w) be the first derivative of w**3/3 - 3*w**2 + 3*w - 729. Determine l(c).
-5
Let a(v) = -v + 1. Let o(k) = k - 2. Let x(y) = 5*a(y) + 3*o(y). Suppose -4*l + 33 = -15*l. Let w be 5 - 6 - (l - 1)*1. Give x(w).
-7
Let w(p) be the first derivative of -p**3/3 - 9*p**2/2 - 8*p + 175. What is w(-8)?
0
Suppose 0 = -5*u + 4*c + 29, -3*u + 18 = 119*c - 122*c. Let d(z) = 2*z + 6. Determine d(u).
16
Let k = -1 - -3. Let i(h) = 7*h - 5. Let c(n) = 27*n - 21. Let v(y) = 2*c(y) - 9*i(y). Calculate v(k).
-15
Let d(l) = 2*l**3 - 14*l**2 - 11*l - 34. Let r be d(8). Let f(t) = -t**3 + 7*t**2 - 10*t + 23. Give f(r).
-1
Let z(y) be the second derivative of 11*y + 1/2*y**3 - 1/12*y**4 + 7/2*y**2 + 0. Calculate z(5).
-3
Let q(w) = w**3 - 5*w**2 + 3*w - 1. Suppose t + 2*t + 3*o - 78 = 0, -2*o + 76 = 3*t. Suppose 0 = -4*a + 2*y + t, 0*a + 4*y = 2*a - 24. Give q(a).
-5
Let d = 58 + -36. Suppose -3*m - d + 1 = 0. Let p = m + 11. Let k(a) = -a**3 + 3*a**2 + 7*a - 5. Calculate k(p).
7
Let f(m) be the third derivative of m**7/2520 - m**5/60 + m**4/3 + 20*m**2. Let p(n) be the second derivative of f(n). Determine p(3).
7
Let p(d) be the third derivative of d**4/24 - d**3/6 + 11*d**2 + 5*d. Determine p(-8).
-9
Let l(s) be the third derivative of s**5/60 + 2*s**3/3 + 170*s**2. Determine l(0).
4
Let s(w) = -5*w**2 + 2*w - 3. Let z(d) = 4*d**2 - 2*d + 3. Let x(k) = 5*s(k) + 6*z(k). Suppose v - 10 = -5*p, -5*p - 10*v = -12*v - 10. Determine x(p).
-5
Let l(t) be the first derivative of t**2/2 - 15*t + 113. Determine l(13).
-2
Suppose -3 = -5*m + 7. Suppose -2*g + k + k = -12, 4*g = -m*k + 12. Let f(s) = -g*s + 3*s + 1 + 0*s. Determine f(0).
1
Let r = -678 - -693. Let w(c) = -c**2 + 15*c - 7. Calculate w(r).
-7
Let x(z) = -5*z + 1. Let u(i) = -11*i + 1. Let t = -8 + 10. Suppose 66 = 4*r + 5*f + 9, -t = -2*f. Let g(c) = r*x(c) - 6*u(c). Determine g(-6).
1
Let l(n) = -8*n - n**2 + 19 - 19*n + 0*n**2 + 32*n. Give l(6).
13
Suppose 0*a + 10 = 2*a. Suppose 1 + a = -t. Let b(p) be the third derivative of p**4/24 + 11*p**3/6 - p**2. Give b(t).
5
Let k(r) be the second derivative of r**5/20 + r**4/12 - r**2/2 - 88*r. Determine k(-2).
-5
Suppose -36 = -9*a + 36. Suppose -13 = 3*z - a*z - n, 19 = 2*z + 5*n. Let s(g) = -5*g - 1. What is s(z)?
-11
Let l(i) be the first derivative of i**4/12 - 2*i**3/3 - i**2/2 + 12*i - 9. Let d(m) be the first derivative of l(m). Calculate d(3).
-4
Let f(v) = -3*v - 3. Let n(x) = x + 5. Suppose -7 = 2*c + 1. Let l = -3 + c. Let z be n(l). What is f(z)?
3
Let t(h) = 174 - 2*h - 179 - 4*h - h + h**2. Suppose -2*b + 63 = 7*b. Determine t(b).
-5
Let z(v) = -3*v**2 - 1. Let f(d) = -d**3 + 2*d**2 - d + 3. Let m(i) = -3*i**3 + 5*i**2 - 3*i + 8. Let o(p) = 8*f(p) - 3*m(p). Let h be o(-1). Give z(h).
-4
Suppose 0 = -15*i - 5*i - 40. Let l(h) = h**2 + 3*h + 1. What is l(i)?
-1
Let t(o) be the second derivative of o**4/24 + o**3/6 - 8*o**2 + 11*o. Let v(b) be the first derivative of t(b). Calculate v(-3).
-2
Let l(b) be the second derivative of b**4/12 + 5*b**3/6 - 3*b**2 + 5*b. Suppose 3*d + 37 - 12 = a, 5*d = -3*a - 23. Give l(d).
8
Suppose r = 5*t - 25, 5*r - 22 = -3*t + 21. Let q(n) = n - 7. Determine q(t).
-1
Let o(p) = 14*p + 1. Suppose -q - 2*j = q - 2, 4*q - 2 = -2*j. Suppose -5*b + d - 71 = 0, q = 3*d - 5 + 17. Let z = b - -16. What is o(z)?
15
Let m(y) = 4*y + 22. Let v be m(-7). Let j(r) = -r**3 - 6*r**2 - 4*r - 5. What is j(v)?
19
Let n(g) be the third derivative of -g**4/3 - g**2. Let y be (-48)/(-8)*2/6. Let o be 2*(4 - 6)/y. Calculate n(o).
16
Let c(y) = -11*y**2 + y + 3. Let a(s) = -33*s**2 + 3*s + 10. Suppose 8*t - 4*t = -64. Let i = t + 23. Let b(n) = i*c(n) - 2*a(n). What is b(-1)?
-11
Let f be 4/10*5 - -2. Suppose -f*u = -u. Let a(y) = 2*y**2 - 4 - 4*y**2 + 0*y**2 + y**3 + 3*y**2. Calculate a(u).
-4
Let f(b) = 3*b - 6. Let y = 8 - 10. Let s be y + 3 - (-4 - -4). Suppose -s - 3 = -j. Calculate f(j).
6
Let g = -24 + 35. Let p(o) = g - 9 - 21 + 3*o**2 - o**3 - 2*o**2. What is p(0)?
-19
Let v(x) = -5*x - 6*x + 24*x - 13. Let u(g) = -6*g + 6. Let d(y) = -9*u(y) - 4*v(y). Let a be (-2)/(-3) - (-24)/(-9). What is d(a)?
-6
Let s(f) be the second derivative of 4*f**3/3 - f**2/2 - 3*f. Let g be s(1). Let b(y) = -g + 7 + y. Calculate b(-3).
-3
Let o(j) = -22*j**3 + 26*j + 26. Let u(w) = -8*w**3 + 9*w + 9. Let b(k) = -5*o(k) + 14*u(k). What is b(-2)?
20
Let w = 17 + -29. Let m be (-33)/9 - 8/w. Let n(b) = b + 2. Determine n(m).
-1
Let x = 543 - 554. Let q(b) = b + 5. Calculate q(x).
-6
Let d(x) be the first derivative of -x**2 + 28 + 2*x**2 + 7 + 14 - x. Calculate d(2).
3
Suppose -18*o = -110 + 38. Let f(m) = m**2 - 4*m + 4. What is f(o)?
4
Suppose 5*b - 45 = -40*b. Let f(u) = 6*u**3 - u**2 + 3*u - 1. Determine f(b).
7
Let d = -7 + 14. Suppose 0 = -d*l + 12*l. Let m(f) be the first derivative of -f**4/4 + 9*f - 8. Determine m(l).
9
Let d(c) = c**3 - 31*c**2 - 4*c - 7. Let g(b) = b**3 - 29*b**2 - 3*b - 6. Let p(r) = 3*d(r) - 4*g(r). What is p(23)?
3
Let g(j) = 6*j - 3. Let a(l) = 19*l - 91. Let q be a(5). Calculate g(q).
21
Let z(w) = 3*w**3 + 4*w - 15*w + 8*w**2 + 9*w. Let s(k) = 5*k**3 + 15*k**2 - 4*k + 1. Let t(f) = 4*s(f) - 7*z(f). Let j = 4 - 1. Calculate t(j).
7
Let f(u) be the third derivative of -u**5/60 + 3*u**4/8 + u**3/2 + 27*u**2. Suppose -q - 20 = -3*q. Determine f(q).
-7
Let h(b) = -2